hundreds digit of 71464168?
1
What is the hundred thousands digit of 270135463?
1
What is the tens digit of 139344217?
1
What is the millions digit of 554106348?
4
What is the millions digit of 13805692?
3
What is the ten thousands digit of 2750402492?
0
What is the hundred thousands digit of 176511367?
5
What is the units digit of 390543284?
4
What is the hundred thousands digit of 18492091?
4
What is the ten millions digit of 3993734111?
9
What is the units digit of 559287099?
9
What is the thousands digit of 1016913107?
3
What is the thousands digit of 11407318?
7
What is the units digit of 144280282?
2
What is the thousands digit of 64066675?
6
What is the millions digit of 551829011?
1
What is the tens digit of 5743443?
4
What is the ten millions digit of 2078076910?
7
What is the hundred thousands digit of 21524740?
5
What is the ten thousands digit of 438365992?
6
What is the tens digit of 38642492?
9
What is the hundred thousands digit of 670961428?
9
What is the hundred thousands digit of 7157941409?
9
What is the thousands digit of 2231712096?
2
What is the hundred millions digit of 190928691?
1
What is the millions digit of 67818795?
7
What is the units digit of 119995957?
7
What is the ten millions digit of 215398298?
1
What is the millions digit of 114395807?
4
What is the hundreds digit of 502277605?
6
What is the hundreds digit of 4155518163?
1
What is the ten thousands digit of 451498304?
9
What is the thousands digit of 32967233?
7
What is the tens digit of 11675868?
6
What is the thousands digit of 60371244?
1
What is the hundred thousands digit of 2319914645?
9
What is the hundred thousands digit of 277263715?
2
What is the billions digit of 1428181875?
1
What is the units digit of 1866604131?
1
What is the hundreds digit of 174436195?
1
What is the hundred thousands digit of 6793459989?
4
What is the billions digit of 5998868934?
5
What is the units digit of 3412790293?
3
What is the units digit of 51378159?
9
What is the hundreds digit of 2500396476?
4
What is the hundred millions digit of 118706980?
1
What is the hundred millions digit of 288559093?
2
What is the hundreds digit of 126717027?
0
What is the hundred thousands digit of 111310239?
3
What is the hundred thousands digit of 225171211?
1
What is the hundreds digit of 97981933?
9
What is the tens digit of 926086743?
4
What is the hundred thousands digit of 138629876?
6
What is the millions digit of 7919598?
7
What is the millions digit of 535329992?
5
What is the hundred millions digit of 4796324097?
7
What is the hundreds digit of 1065979788?
7
What is the ten millions digit of 4068469754?
6
What is the ten thousands digit of 41740420?
4
What is the hundred millions digit of 107485159?
1
What is the hundreds digit of 363417253?
2
What is the ten millions digit of 105690781?
0
What is the hundreds digit of 1089887036?
0
What is the units digit of 71914866?
6
What is the units digit of 386230829?
9
What is the ten thousands digit of 2490708033?
0
What is the hundreds digit of 2068251157?
1
What is the millions digit of 1301879704?
1
What is the hundreds digit of 111772851?
8
What is the tens digit of 335623668?
6
What is the hundreds digit of 562446460?
4
What is the hundreds digit of 135138731?
7
What is the ten thousands digit of 526407769?
0
What is the ten millions digit of 44559371?
4
What is the thousands digit of 1184216139?
6
What is the ten thousands digit of 207531754?
3
What is the ten thousands digit of 26816004?
1
What is the hundred thousands digit of 7633174415?
1
What is the hundred thousands digit of 2175077138?
0
What is the ten thousands digit of 436605015?
0
What is the hundreds digit of 3514413?
4
What is the millions digit of 63079280?
3
What is the hundreds digit of 777362?
3
What is the hundred thousands digit of 2016134514?
1
What is the millions digit of 7970627978?
0
What is the ten millions digit of 110309829?
1
What is the ten thousands digit of 1458527?
5
What is the millions digit of 2392325026?
2
What is the units digit of 257499245?
5
What is the hundred millions digit of 136582451?
1
What is the units digit of 247593367?
7
What is the tens digit of 197417943?
4
What is the hundred millions digit of 337520981?
3
What is the ten millions digit of 23163259?
2
What is the ten millions digit of 3269139354?
6
What is the thousands digit of 921372609?
2
What is the tens digit of 41756663?
6
What is the hundred millions digit of 377574578?
3
What is the ten millions digit of 486889060?
8
What is the thousands digit of 874685448?
5
What is the tens digit of 44625413?
1
What is the millions digit of 2920280478?
0
What is the thousands digit of 181908940?
8
What is the hundred millions digit of 426577571?
4
What is the millions digit of 84887622?
4
What is the millions digit of 317769409?
7
What is the ten thousands digit of 12163852?
6
What is the hundreds digit of 2838798811?
8
What is the units digit of 341029890?
0
What is the millions digit of 649938856?
9
What is the hundred thousands digit of 161066612?
0
What is the thousands digit of 1344121486?
1
What is the tens digit of 2640622930?
3
What is the millions digit of 654693734?
4
What is the millions digit of 157908008?
7
What is the thousands digit of 1587615066?
5
What is the tens digit of 41941370?
7
What is the hundreds digit of 95114808?
8
What is the ten millions digit of 1563777671?
6
What is the ten thousands digit of 4855500281?
0
What is the ten millions digit of 32871341?
3
What is the hundred thousands digit of 211520774?
5
What is the ten millions digit of 1779306778?
7
What is the hundreds digit of 1814174047?
0
What is the thousands digit of 508946919?
6
What is the billions digit of 3489252635?
3
What is the units digit of 1884930659?
9
What is the hundred thousands digit of 602908470?
9
What is the hundred thousands digit of 127938755?
9
What is the hundred millions digit of 802720049?
8
What is the hundreds digit of 8173844257?
2
What is the thousands digit of 1688148797?
8
What is the tens digit of 1573989?
8
What is the ten thousands digit of 8124751496?
5
What is the billions digit of 1053375577?
1
What is the ten millions digit of 200637294?
0
What is the tens digit of 28603486?
8
What is the hundred thousands digit of 660949689?
9
What is the hundred thousands digit of 386600702?
6
What is the thousands digit of 68584766?
4
What is the units digit of 90703878?
8
What is the units digit of 9537333?
3
What is the hundred thousands digit of 30501593?
5
What is the hundred millions digit of 2783142396?
7
What is the millions digit of 8412920?
8
What is the tens digit of 400387425?
2
What is the hundred thousands digit of 3507875127?
8
What is the hundred millions digit of 306830442?
3
What is the ten millions digit of 2659127990?
5
What is the hundred thousands digit of 74409596?
4
What is the hundred thousands digit of 241483087?
4
What is the ten millions digit of 66566244?
6
What is the hundred millions digit of 559575180?
5
What is the hundreds digit of 6058968?
9
What is the tens digit of 1674307446?
4
What is the millions digit of 154555783?
4
What is the ten thousands digit of 40581544?
8
What is the tens digit of 70700635?
3
What is the tens digit of 45065343?
4
What is the millions digit of 4496912301?
6
What is the millions digit of 267192537?
7
What is the units digit of 130570083?
3
What is the ten thousands digit of 7428928365?
2
What is the thousands digit of 230185469?
5
What is the hundreds digit of 2703650251?
2
What is the ten thousands digit of 52406699?
0
What is the tens digit of 975673508?
0
What is the hundreds digit of 6006119138?
1
What is the millions digit of 78421120?
8
What is the tens digit of 445182678?
7
What is the hundreds digit of 165683177?
1
What is the thousands digit of 778565?
8
What is the tens digit of 295642281?
8
What is the hundreds digit of 110769037?
0
What is the hundreds digit of 90357467?
4
What is the billions digit of 1018963392?
1
What is the millions digit of 191184781?
1
What is the hundreds digit of 260231964?
9
What is the millions digit of 109520098?
9
What is the ten millions digit of 60094563?
6
What is the units digit of 1786972023?
3
What is the hundreds digit of 1984063054?
0
What is the hundred mill